4*s - 26917. Give r(98).
-65
Let q(v) = v**3 + 41*v**2 - 697*v + 2227. Calculate q(9).
4
Let g(i) = -2488*i + 345856. Determine g(139).
24
Let m(f) = -2*f**2 + 14401*f + 72058. What is m(-5)?
3
Let d(f) = -10*f**2 + 2586*f - 1571. What is d(258)?
-23
Let t(l) = l**3 + 52*l**2 - 5721*l + 19. Determine t(-106).
-299
Let k(f) = -3*f**3 + 331*f**2 + 10663*f + 720. Give k(-26).
-34
Let q(x) = 3*x**2 - 200*x + 2867. Determine q(25).
-258
Let f(z) = z**3 - 2308*z**2 - 176263*z + 373. Give f(-74).
3
Let t(o) = 96515*o - 3378030. Give t(35).
-5
Let s(k) = 19*k**2 + 47*k - 1570. What is s(7)?
-310
Let y(i) = -3*i**2 - 63*i + 103. Calculate y(18).
-2003
Let q(j) = -9*j**3 + 49*j**2 + 307*j + 1. Determine q(-6).
1867
Let a(k) = -10*k**2 - 31*k - 8. What is a(1)?
-49
Let a(m) = 9*m**2 + 357*m + 570. Give a(-37).
-318
Let w(q) = 13*q**3 - 106*q**2 - 128*q + 256. Give w(9).
-5
Let d(u) = 36*u**2 + 312*u + 48. Give d(-6).
-528
Let v(k) = -9085*k + 554157. Give v(61).
-28
Let x(f) = f**3 + 38*f**2 + 30*f - 422. What is x(-37)?
-163
Let l(s) = -7*s**3 + 761*s**2 + 149*s + 7514. Give l(109).
-7
Let i(q) = q**3 + 14*q**2 - 52*q - 225. What is i(-14)?
503
Let u(j) = j**3 + 11*j**2 + 947*j + 8461. What is u(-9)?
100
Let x(u) = 8*u**3 + 671*u**2 - 53*u + 2604. What is x(-84)?
0
Let l(q) = -189*q**2 - 3619*q - 67. What is l(-19)?
465
Let h(c) = 77*c + 78. Calculate h(5).
463
Let i(z) = 68*z**2 + 3082*z + 979. Give i(-45).
-11
Let n(i) = 3*i**3 - 5*i**2 + 17*i + 293. Give n(-7).
-1100
Let h(t) = 2267*t**3 - 4*t**2 + 3*t + 1. Give h(1).
2267
Let n(b) = 61081*b - 183255. Give n(3).
-12
Let u(r) = 3*r**3 + 7*r**2 + 106*r - 625. Calculate u(4).
103
Let q(o) = 7809682*o - 46858098. Determine q(6).
-6
Let c(k) = k**3 + 45*k**2 - 215*k - 3409. Calculate c(-48).
-1
Let z(i) = -2*i**2 - 100766*i + 806233. Determine z(8).
-23
Let y(u) = 70*u**2 + 834*u + 120. Give y(-12).
192
Let f(w) = 22*w**2 + 326*w - 794. What is f(-17)?
22
Let a(x) = -4*x**2 + 846*x - 15335. What is a(21)?
667
Let r(g) = g**3 - 26*g**2 - 80*g + 1774. Calculate r(20).
-2226
Let v(m) = -3*m**2 + 1526*m - 54956. Determine v(39).
-5
Let f(m) = -135617*m - 1220569. Determine f(-9).
-16
Let f(x) = -x**3 - 124*x**2 - 3681*x + 54. Give f(-49).
348
Let j(l) = -22851*l - 799823. What is j(-35)?
-38
Let i(l) = -l**3 - 2*l**2 + 694*l - 294. Give i(25).
181
Let l(w) = 4628*w - 41718. Determine l(9).
-66
Let c(d) = 5794*d + 6288. What is c(-1)?
494
Let r(l) = 6*l**2 + 11926*l + 55520. Give r(-1983).
-4
Let s(l) = l**3 - 9*l**2 - 17*l + 225. Determine s(11).
280
Let t(h) = 255*h**2 + 5064*h - 762. Give t(-20).
-42
Let z(x) = -x**3 + 2*x**2 - 67*x - 144. What is z(-2)?
6
Let p(u) = u**2 - 263*u - 4484. What is p(-16)?
-20
Let z(p) = -p**3 + 128*p**2 + 3533*p + 17469. What is z(152)?
-11
Let c(l) = -4*l**3 + 283*l**2 + 258*l - 24. Give c(-1).
5
Let j(s) = -49*s**2 - 9410*s - 396. Determine j(-192).
-12
Let l(m) = m**3 - 427*m**2 + 449*m - 9855. Determine l(426).
-57
Let s(n) = -n**3 - 110*n**2 - 352*n + 7606. Determine s(-106).
-26
Let g(m) = -m**3 + 26*m**2 - 95*m + 111. Calculate g(22).
-43
Let t(p) = 34*p + 4191. Give t(-36).
2967
Let x(n) = 11*n**2 + 4402*n + 56122. Calculate x(-387).
7
Let d(l) = -l**3 - 30*l**2 - 158*l - 3781. Calculate d(-22).
-4177
Let w(f) = -17372*f - 86754. Calculate w(-5).
106
Let b(s) = -s**3 + 38*s**2 - 101*s - 76. Calculate b(0).
-76
Let s(t) = -1338*t + 27769. Determine s(21).
-329
Let g(q) = -78*q**2 - 30796*q + 5582. Determine g(-395).
52
Let f(x) = 889*x**2 - 480*x + 480. Calculate f(1).
889
Let v(y) = 470*y + 3028. Give v(-11).
-2142
Let h(x) = -x**3 + 71*x**2 + 92*x - 11344. Determine h(70).
-4
Let h(q) = q**3 + 2*q**2 - 14*q - 13. What is h(-5)?
-18
Let q(a) = -597*a + 42072. Calculate q(63).
4461
Let m(p) = -353*p + 74089. What is m(210)?
-41
Let u(i) = -998*i**2 - 226522*i + 5443. What is u(-227)?
-5
Let v(r) = -55848*r + 7427791. What is v(133)?
7
Let p(u) = -4*u**3 - 41*u**2 + 291*u + 2336. Give p(-12).
-148
Let x(r) = -r**3 - 1465*r - 10571. Determine x(-7).
27
Let b(p) = 7*p**3 - 210*p**2 + 195*p - 5856. Calculate b(30).
-6
Let u(d) = 8190*d + 517. Determine u(0).
517
Let u(d) = 2*d**3 - 20*d**2 + 27*d - 92. Give u(8).
-132
Let k(y) = -14*y**2 + 2344*y - 11742. What is k(5)?
-372
Let j(k) = k**2 - 8*k + 40. Determine j(21).
313
Let c(p) = p**3 + 9*p**2 - 3520*p - 38559. Give c(-11).
-81
Let f(q) = 6230*q + 68519. Give f(-11).
-11
Let m(f) = 14*f**3 - 95*f**2 + 15*f - 225. Give m(7).
27
Let y(s) = 2*s**2 + 33852*s + 3298288. Determine y(-98).
0
Let n(t) = 3*t**3 - 76*t**2 - 1178*t + 5740. Calculate n(4).
4
Let x(n) = n**3 - 27*n**2 - 393*n + 92. Give x(-9).
713
Let z(j) = -2529*j + 245317. Calculate z(97).
4
Let s(g) = -3*g**3 + 990*g**2 + 982*g + 3597. Calculate s(331).
-44
Let l(j) = 293*j**2 - 12877*j - 661. Give l(44).
-1
Let a(c) = -10359*c - 362563. Determine a(-35).
2
Let i(k) = -216*k - 11727. Calculate i(-51).
-711
Let i(t) = t**3 + 62*t**2 - 849*t + 2563. Calculate i(5).
-7
Let g(y) = 359160*y - 1795798. Calculate g(5).
2
Let i(w) = -w**3 - 638*w**2 - 77738*w - 956. Give i(-474).
-8
Let g(w) = 5077*w + 55922. Determine g(-11).
75
Let v(q) = 25*q**2 + 38*q + 301. Calculate v(-7).
1260
Let t(u) = -2*u**2 - 64*u - 25. Calculate t(-37).
-395
Let k(g) = -163*g**2 + 10929*g - 38. Determine k(67).
498
Let p(l) = 2*l**3 - 35*l**2 + 81*l - 96. Determine p(16).
432
Let w(a) = -287*a + 60. Determine w(-3).
921
Let q(y) = -2*y**3 - 8*y**2 + 58*y + 370. What is q(-6)?
166
Let d(x) = -11559*x + 68173. Give d(6).
-1181
Let v(p) = -2*p**3 + 240*p**2 - 920*p - 1071. Give v(116).
-143
Let v(k) = 2*k**3 + 19*k**2 + 87*k + 98. Give v(-5).
-112
Let c(t) = -2034*t + 65539. Give c(32).
451
Let p(z) = -5*z**3 - 41*z**2 + 5*z + 37. Calculate p(-7).
-292
Let f(c) = -837*c**2 - 85379*c - 529. Give f(-102).
-19
Let s(a) = -307*a + 34642. Give s(114).
-356
Let y(a) = 3*a**2 - 56*a - 373. Give y(-5).
-18
Let j(k) = 2*k**2 + 471*k + 27665. Calculate j(-123).
-10
Let g(d) = d**2 + 432*d - 75149. Give g(133).
-4
Let k(x) = 13742*x + 192401. Determine k(-14).
13
Let r(w) = w**3 - 29*w**2 + 141*w + 422. Calculate r(22).
136
Let t(h) = -40*h**2 - 223*h - 652. Give t(-3).
-343
Let w(v) = 5*v**2 - 122*v + 602. Give w(28).
1106
Let a(d) = -2*d**3 - 24*d**2 + 4342*d + 124. What is a(41)?
-40
Let v(c) = -8033*c - 40024. Determine v(-5).
141
Let x(v) = 2340*v - 27420. Give x(10).
-4020
Let o(f) = -142*f**2 + 847*f + 73. Calculate o(6).
43
Let g(d) = -4*d**2 - 2117*d + 100345. Determine g(-573).
70
Let l(a) = -2*a**2 - 551*a + 4502. What is l(8)?
-34
Let o(a) = 2*a**3 + 31*a**2 + 1468*a + 12163. Give o(-9).
4
Let v(y) = 22*y**2 - 2101*y - 39242. Give v(-16).
6
Let b(n) = 5*n**3 + 8*n**2 + 217*n + 1813. What is b(-8)?
-1971
Let b(g) = -928*g**2 - 6510*g + 33. Determine b(-7).
131
Let h(u) = 172*u - 10800. Calculate h(63).
36
Let n(l) = 24*l**2 - 2702*l - 3445. Determine n(114).
431
Let k(r) = 1293*r - 6168. What is k(5)?
297
Let y(f) = 44*f**3 + 481*f**2 - 33*f + 5. Determine y(-11).
5
Let o(l) = 546*l - 69841. Determine o(128).
47
Let b(z) = 10171*z + 284747. Determine b(-28).
-41
Let f(s) = 5*s**2 - 45*s - 222. Calculate f(13).
38
Let k(i) = -206*i**2 + 5131*i + 474. Give k(25).
-1
Let v(z) = -z**3 - 51*z**2 - 157*z - 4111. Determine v(-50).
1239
Let q(i) = 3854*i**3 + 4*i**2 - 286*i + 282. Determine q(1).
3854
Let v(u) = -2528*u + 58143. Determine v(23).
-1
Let a(r) = 2*r**2 + 4236*r + 194683. Determine a(-47).
9
Let i(x) = -3*x**2 - 2829*x - 36255. What is i(-13)?
15
Let q(f) = 8*f**3 + 783*f**2 + 1439*f. Determine q(-96).
96
Let k(t) = -18*t**3 - 145*t**2 - 1020*t - 8103. What is k(-8)?
-7
Let t(s) = -398*s - 6116. Give t(-16).
252
Let t(b) = 2*b**2 - 139*b - 9702. Calculate t(116).
1086
Let l(q) = 2*q**3 - 525*q**2 + 1619*q - 126. Calculate l(3).
60
Let t(l) = 5*l**2 - 4511*l + 79559. Give t(18).
-19
Let w(n) = -4317*n - 8852. What is w(-2)?
-218
Let h(w) = 10467*w**2 - 115137*w - 17. Calculate h(11).
-17
Let i(s) = -557*s - 5041. Calculate i(-7).
-1142
Let v(o) = 21279*o + 1532158. Give v(-72).
70
Let r(k) = k**3 - 63*k**2 + 666*k - 837. Calculate r(11).
197
Let r(j) = -j**3 + 40*j**2 + 1820*j - 717. Calculate r(67).
20
Let k(v) = 4883*v + 28050. Give k(-6).
-1248
Let r(l) = -l**3 + 18*l**2 + 3*l - 62